of 95930 and 555670?
1810
What is the greatest common factor of 74002 and 2934?
326
What is the highest common factor of 555 and 100085?
185
Calculate the highest common divisor of 231 and 187341.
231
Calculate the greatest common factor of 5616 and 1776.
48
Calculate the highest common divisor of 138465 and 3060.
765
What is the highest common divisor of 559758 and 957?
87
Calculate the greatest common divisor of 507 and 219531.
507
Calculate the greatest common divisor of 4801104 and 2016.
1008
Calculate the greatest common factor of 30370 and 60.
10
Calculate the greatest common divisor of 1544066 and 762.
254
Calculate the greatest common divisor of 504 and 34.
2
What is the highest common divisor of 1236328 and 928?
232
What is the highest common divisor of 56 and 17728396?
28
What is the greatest common divisor of 244 and 202703?
61
What is the greatest common factor of 54978 and 1584?
66
Calculate the greatest common divisor of 24820 and 10804.
292
What is the highest common divisor of 616560 and 220?
20
What is the greatest common divisor of 555 and 851555?
185
What is the greatest common factor of 6618 and 154?
2
What is the highest common divisor of 1596 and 24948?
84
Calculate the greatest common divisor of 215 and 2680.
5
Calculate the highest common divisor of 264 and 3454.
22
What is the highest common divisor of 1788 and 117561?
447
What is the greatest common divisor of 869764 and 924?
28
What is the greatest common divisor of 9367 and 10659?
323
What is the highest common factor of 7 and 113645?
7
Calculate the highest common factor of 2332 and 99.
11
What is the greatest common factor of 1800 and 445800?
600
What is the greatest common divisor of 93 and 625673?
31
Calculate the greatest common divisor of 4992 and 702.
78
What is the highest common divisor of 213934 and 4956?
826
Calculate the greatest common divisor of 10255 and 511.
7
Calculate the highest common factor of 1360152 and 324.
324
Calculate the highest common divisor of 1968750 and 182.
14
What is the highest common divisor of 8545790 and 110?
110
What is the highest common divisor of 249 and 3037053?
249
Calculate the greatest common factor of 985710 and 2610.
870
Calculate the highest common factor of 5535 and 20.
5
Calculate the greatest common factor of 14 and 5758.
2
Calculate the greatest common divisor of 2593 and 16.
1
What is the greatest common factor of 406 and 2155454?
406
What is the highest common factor of 63418 and 222?
74
Calculate the highest common divisor of 6455685 and 15.
15
What is the greatest common factor of 5323 and 2?
1
Calculate the highest common divisor of 290 and 6148.
58
What is the highest common factor of 256920 and 564?
12
Calculate the highest common factor of 99 and 9273.
33
Calculate the highest common divisor of 1581150 and 332.
166
Calculate the highest common factor of 97 and 607899.
97
Calculate the greatest common divisor of 59364 and 1272.
12
What is the greatest common factor of 42864 and 423?
141
What is the greatest common factor of 63451 and 107?
107
What is the greatest common factor of 136320 and 840?
120
What is the greatest common factor of 630 and 1883?
7
Calculate the greatest common divisor of 851 and 73334.
37
What is the greatest common factor of 53815 and 5875?
235
Calculate the greatest common factor of 127296 and 1530.
306
Calculate the highest common factor of 3757 and 2171.
13
Calculate the highest common divisor of 2114105 and 49.
49
Calculate the highest common factor of 5681 and 39169.
299
What is the highest common divisor of 68167 and 33?
11
Calculate the greatest common divisor of 1728 and 4266.
54
What is the highest common divisor of 1339653 and 21?
21
Calculate the greatest common factor of 2365 and 4715.
5
What is the greatest common divisor of 172 and 1049931?
43
Calculate the greatest common factor of 163884 and 84.
84
What is the greatest common factor of 88 and 13592?
8
What is the highest common divisor of 2844 and 4898?
158
Calculate the greatest common factor of 14478 and 1778.
254
What is the highest common factor of 65716 and 1330?
14
What is the greatest common factor of 16 and 41264?
16
Calculate the greatest common divisor of 21041 and 20087.
53
What is the highest common factor of 645500 and 425?
25
What is the highest common divisor of 95 and 8683?
19
Calculate the highest common factor of 12 and 195444.
12
What is the highest common factor of 18193 and 107065?
161
Calculate the highest common factor of 324020 and 680.
340
Calculate the highest common factor of 25893 and 1512.
189
Calculate the highest common factor of 10776 and 300.
12
What is the highest common factor of 45 and 35150?
5
What is the greatest common divisor of 448 and 50144?
32
What is the greatest common factor of 343 and 470253?
343
Calculate the highest common divisor of 124 and 36146.
62
What is the highest common factor of 208920 and 80?
40
Calculate the greatest common factor of 240 and 36832.
16
Calculate the greatest common factor of 28 and 274358.
14
Calculate the greatest common factor of 3979 and 1196.
23
Calculate the greatest common divisor of 20097 and 9471.
231
Calculate the highest common factor of 1449165 and 51.
51
What is the greatest common divisor of 282 and 370454?
94
What is the greatest common divisor of 202 and 5038?
2
What is the highest common factor of 3920 and 66101?
49
What is the greatest common factor of 2394 and 3667?
19
Calculate the highest common divisor of 17171 and 539.
77
What is the highest common divisor of 5456 and 26939?
341
Calculate the greatest common factor of 302357 and 55.
11
Calculate the highest common factor of 730 and 1887926.
146
Calculate the highest common divisor of 27 and 50679.
27
Calculate the greatest common factor of 25114 and 261.
29
Calculate the greatest common divisor of 77 and 21989.
11
Calculate the greatest common divisor of 5452 and 37816.
116
What is the greatest common factor of 344 and 124442?
86
What is the highest common factor of 408 and 96528?
24
Calculate the highest common factor of 189398 and 154.
22
What is the greatest common divisor of 740 and 143116?
148
What is the greatest common factor of 927 and 6955899?
309
Calculate the highest common factor of 75010 and 325.
65
Calculate the greatest common factor of 448 and 12166.
14
Calculate the highest common factor of 98304 and 24.
24
What is the greatest common factor of 14858 and 273562?
874
What is the greatest common divisor of 3890 and 90?
10
What is the highest common factor of 11515 and 41895?
245
Calculate the highest common divisor of 6510 and 12390.
210
Calculate the highest common divisor of 303 and 1142209.
101
Calculate the highest common divisor of 2 and 4516.
2
Calculate the highest common factor of 51 and 6369.
3
What is the highest common factor of 433 and 192?
1
What is the greatest common divisor of 896 and 2982?
14
Calculate the greatest common factor of 824 and 91258.
206
Calculate the greatest common factor of 4293 and 129638.
53
Calculate the greatest common divisor of 222 and 148074.
222
Calculate the highest common divisor of 595944 and 89.
89
Calculate the greatest common factor of 5083 and 2278.
17
Calculate the greatest common divisor of 119866 and 146.
146
Calculate the highest common factor of 2012894 and 104.
26
What is the highest common factor of 500 and 125?
125
What is the greatest common divisor of 21361 and 41?
41
What is the greatest common factor of 617 and 1725749?
617
Calculate the greatest common divisor of 509100 and 30.
30
What is the greatest common divisor of 639 and 2124?
9
What is the highest common factor of 360 and 82320?
120
What is the greatest common factor of 4285986 and 142?
142
What is the highest common factor of 542 and 279401?
271
What is the highest common factor of 14 and 707546?
14
What is the highest common factor of 6753 and 12?
3
Calculate the highest common divisor of 89 and 150677.
89
Calculate the highest common factor of 3605 and 5459.
103
Calculate the highest common divisor of 12 and 237504.
12
What is the greatest common factor of 2140 and 19180?
20
Calculate the highest common factor of 47 and 175451.
47
Calculate the greatest common factor of 34387 and 411.
137
What is the greatest common divisor of 1676 